{"id":38,"date":"2024-02-03T17:54:24","date_gmt":"2024-02-03T17:54:24","guid":{"rendered":"https:\/\/www.colegiolosolivos.es\/carrerapopular\/?page_id=38"},"modified":"2026-02-18T09:05:53","modified_gmt":"2026-02-18T09:05:53","slug":"carrera","status":"publish","type":"page","link":"https:\/\/www.colegiolosolivos.es\/carrerapopular\/?page_id=38","title":{"rendered":"Carrera"},"content":{"rendered":"<p>[et_pb_section fb_built=\u00bb1&#8243; admin_label=\u00bbHero\u00bb _builder_version=\u00bb4.21.0&#8243; use_background_color_gradient=\u00bbon\u00bb background_color_gradient_direction=\u00bb146deg\u00bb background_color_gradient_stops=\u00bb#7cda24 0%|#44580e 100%\u00bb background_color_gradient_start=\u00bb#a258ff\u00bb background_color_gradient_end=\u00bb#308cff\u00bb custom_margin=\u00bb|||\u00bb custom_padding=\u00bb120px||0px|\u00bb box_shadow_style=\u00bbpreset4&#8243; box_shadow_horizontal=\u00bb0px\u00bb box_shadow_vertical=\u00bb-100px\u00bb box_shadow_color=\u00bb#ffffff\u00bb box_shadow_position=\u00bbinner\u00bb global_colors_info=\u00bb{}\u00bb][et_pb_row _builder_version=\u00bb4.16&#8243; background_size=\u00bbinitial\u00bb background_position=\u00bbtop_left\u00bb background_repeat=\u00bbrepeat\u00bb custom_margin=\u00bb||40px|\u00bb global_colors_info=\u00bb{}\u00bb][et_pb_column type=\u00bb4_4&#8243; _builder_version=\u00bb4.16&#8243; custom_padding=\u00bb|||\u00bb global_colors_info=\u00bb{}\u00bb custom_padding__hover=\u00bb|||\u00bb][et_pb_text admin_label=\u00bbTitle\u00bb _builder_version=\u00bb4.21.0&#8243; text_font=\u00bb||||||||\u00bb header_font=\u00bbMontserrat|500|||||||\u00bb header_text_align=\u00bbcenter\u00bb header_font_size=\u00bb84px\u00bb background_layout=\u00bbdark\u00bb animation_style=\u00bbzoom\u00bb animation_direction=\u00bbleft\u00bb animation_intensity_zoom=\u00bb10%\u00bb header_font_size_tablet=\u00bb50px\u00bb header_font_size_phone=\u00bb\u00bb header_font_size_last_edited=\u00bbon|phone\u00bb global_colors_info=\u00bb{}\u00bb]<\/p>\n<h1>CARRERA<\/h1>\n<p>[\/et_pb_text][et_pb_divider color=\u00bbrgba(255,255,255,0.7)\u00bb divider_weight=\u00bb3px\u00bb _builder_version=\u00bb4.16&#8243; max_width=\u00bb100px\u00bb module_alignment=\u00bbcenter\u00bb animation_style=\u00bbzoom\u00bb animation_direction=\u00bbleft\u00bb global_colors_info=\u00bb{}\u00bb][\/et_pb_divider][et_pb_text _builder_version=\u00bb4.21.0&#8243; text_font=\u00bbMontserrat|300|||||||\u00bb text_text_color=\u00bbrgba(255,255,255,0.7)\u00bb text_font_size=\u00bb20px\u00bb text_line_height=\u00bb1.8em\u00bb text_orientation=\u00bbcenter\u00bb background_layout=\u00bbdark\u00bb max_width=\u00bb700px\u00bb module_alignment=\u00bbcenter\u00bb custom_padding=\u00bb2px|||||\u00bb animation_style=\u00bbzoom\u00bb animation_direction=\u00bbleft\u00bb animation_delay=\u00bb100ms\u00bb animation_intensity_zoom=\u00bb10%\u00bb global_colors_info=\u00bb{}\u00bb]<\/p>\n<p style=\"text-align: justify;\">Nuestra prueba consta de un circuito de 5 kms. Los participantes en la prueba de <strong>5 kms tendr\u00e1n que dar una vuelta<\/strong> y para los que se aventuran con <strong>los 10 km ser\u00e1n 2 vueltas<\/strong> antes de enfrentar la recta de meta.<\/p>\n<p style=\"text-align: justify;\">Podemos considerar que este es un <strong>circuito mixto<\/strong> ya que combina <span style=\"text-decoration: underline;\">asfalto (85%) con tierra (15%)<\/span> lo que lo hace m\u00e1s atractivo, al atravesar una zona natural muy bonita, y divertido de correr.<\/p>\n<p style=\"text-align: justify;\">Iniciamos la carrera en la avenida principal donde se sit\u00faa nuestro Colegio, Avda. Cronista Carlos Valcarcel. Tras la salida, a los 50 metros giramos a la izquierda por la C\/Igualdad. En esta primera parte de la carrera haremos unos 1500ms de asfalto girando a izquierda y derecha, hasta volver a la avenida principal, la cual abandonaremos a los pocos metros para adentrarnos en el adoquinado que atraviesa el parque infantil que nos lleva a la C\/Maracaibo de La Alcayna.<\/p>\n<p style=\"text-align: justify;\">En esta calle enfrentamos un <strong>falso llano ascendente<\/strong> y recto de unos 600 metros. Al final de la misma giramos a la derecha para incorporarnos a la <strong>senda de tierra de la rambla de las monjas<\/strong>, un paraje natural que har\u00e1 las delicias de los corredores.<\/p>\n<p style=\"text-align: justify;\">Al final de la senda <strong>subiremos una peque\u00f1a rampa<\/strong> para volver de nuevo a la avenida principal que continuaremos hasta el final, ser\u00e1n unos <strong>300 metros de subida<\/strong> hasta hacer un cambio de sentido para empezar a bajar por la Avda. Ca\u00f1ada de la Virgen.<\/p>\n<p style=\"text-align: justify;\">Tras recorrer 350 metros nos incorporamos a la C\/ del cielo y giramos a la izquierda en la C\/ Constancia, la que ser\u00e1 la \u00faltima subida hasta llegar de nuevo a la Avda. Ca\u00f1ada de la Virgen que seguiremos hasta hacer un giro a la derecha por la C\/Armon\u00eda que nos llevar\u00e1 a recorrer los \u00faltimos 500 metros hasta la meta en la avenida principal.<\/p>\n<p style=\"text-align: justify;\">Los corredores participantes en los 10 kms, antes de llegar a meta iniciaran una segunda vuelta girando a la derecha por la C\/ Igualdad.<\/p>\n<p>[\/et_pb_text][\/et_pb_column][\/et_pb_row][et_pb_row _builder_version=\u00bb4.16&#8243; custom_padding=\u00bb27px|0px|0px|0px\u00bb global_colors_info=\u00bb{}\u00bb][et_pb_column type=\u00bb4_4&#8243; _builder_version=\u00bb4.16&#8243; custom_padding=\u00bb|||\u00bb global_colors_info=\u00bb{}\u00bb custom_padding__hover=\u00bb|||\u00bb][et_pb_image _builder_version=\u00bb4.21.0&#8243; _module_preset=\u00bbdefault\u00bb global_colors_info=\u00bb{}\u00bb][\/et_pb_image][\/et_pb_column][\/et_pb_row][et_pb_row _builder_version=\u00bb4.21.0&#8243; _module_preset=\u00bbdefault\u00bb global_colors_info=\u00bb{}\u00bb column_structure=\u00bb1_2,1_2&#8243;][et_pb_column type=\u00bb1_2&#8243; _builder_version=\u00bb4.21.0&#8243; _module_preset=\u00bbdefault\u00bb global_colors_info=\u00bb{}\u00bb][et_pb_image src=\u00bbhttps:\/\/www.colegiolosolivos.es\/carrerapopular\/wp-content\/uploads\/2026\/02\/Sin-titulo2.jpg\u00bb title_text=\u00bbSin t\u00edtulo2&#8243; align=\u00bbcenter\u00bb _builder_version=\u00bb4.27.4&#8243; _module_preset=\u00bbdefault\u00bb hover_enabled=\u00bb0&#8243; global_colors_info=\u00bb{}\u00bb sticky_enabled=\u00bb0&#8243;][\/et_pb_image][\/et_pb_column][et_pb_column type=\u00bb1_2&#8243; _builder_version=\u00bb4.21.0&#8243; _module_preset=\u00bbdefault\u00bb global_colors_info=\u00bb{}\u00bb][et_pb_image src=\u00bbhttps:\/\/www.colegiolosolivos.es\/carrerapopular\/wp-content\/uploads\/2026\/02\/Sin-titulo.jpg\u00bb title_text=\u00bbSin t\u00edtulo\u00bb align=\u00bbcenter\u00bb _builder_version=\u00bb4.27.4&#8243; _module_preset=\u00bbdefault\u00bb hover_enabled=\u00bb0&#8243; global_colors_info=\u00bb{}\u00bb sticky_enabled=\u00bb0&#8243;][\/et_pb_image][\/et_pb_column][\/et_pb_row][\/et_pb_section]<\/p>\n","protected":false},"excerpt":{"rendered":"<p>CARRERANuestra prueba consta de un circuito de 5 kms. Los participantes en la prueba de 5 kms tendr\u00e1n que dar una vuelta y para los que se aventuran con los 10 km ser\u00e1n 2 vueltas antes de enfrentar la recta de meta. Podemos considerar que este es un circuito mixto ya que combina asfalto (85%) [&hellip;]<\/p>\n","protected":false},"author":1,"featured_media":0,"parent":0,"menu_order":0,"comment_status":"closed","ping_status":"closed","template":"","meta":{"_et_pb_use_builder":"on","_et_pb_old_content":"","_et_gb_content_width":"","footnotes":""},"class_list":["post-38","page","type-page","status-publish","hentry"],"_links":{"self":[{"href":"https:\/\/www.colegiolosolivos.es\/carrerapopular\/index.php?rest_route=\/wp\/v2\/pages\/38","targetHints":{"allow":["GET"]}}],"collection":[{"href":"https:\/\/www.colegiolosolivos.es\/carrerapopular\/index.php?rest_route=\/wp\/v2\/pages"}],"about":[{"href":"https:\/\/www.colegiolosolivos.es\/carrerapopular\/index.php?rest_route=\/wp\/v2\/types\/page"}],"author":[{"embeddable":true,"href":"https:\/\/www.colegiolosolivos.es\/carrerapopular\/index.php?rest_route=\/wp\/v2\/users\/1"}],"replies":[{"embeddable":true,"href":"https:\/\/www.colegiolosolivos.es\/carrerapopular\/index.php?rest_route=%2Fwp%2Fv2%2Fcomments&post=38"}],"version-history":[{"count":5,"href":"https:\/\/www.colegiolosolivos.es\/carrerapopular\/index.php?rest_route=\/wp\/v2\/pages\/38\/revisions"}],"predecessor-version":[{"id":136,"href":"https:\/\/www.colegiolosolivos.es\/carrerapopular\/index.php?rest_route=\/wp\/v2\/pages\/38\/revisions\/136"}],"wp:attachment":[{"href":"https:\/\/www.colegiolosolivos.es\/carrerapopular\/index.php?rest_route=%2Fwp%2Fv2%2Fmedia&parent=38"}],"curies":[{"name":"wp","href":"https:\/\/api.w.org\/{rel}","templated":true}]}}